18 - (-11 - 0)?
9
Evaluate -4 + -9 + (2 + 0 - 2).
-13
Calculate (-10 - 2) + ((-19 - -11) + 1 - -1).
-18
Calculate (11 - 1) + (-2046 - -2029).
-7
What is the value of (-8 - -2) + 9 - -14?
17
-2 + 1 + 2 + 1 - (-39 + 33)
8
(0 - (-19 - -15)) + 1 + -7
-2
-4 + (12 - -2) + -18
-8
-6 - (-1 - -1 - (26 - 7))
13
What is the value of (-16 - (-12 + -1)) + 2 + -15?
-16
10 - (5 + 0 - 6) - 2
9
Calculate -12 - 3 - 1 - -33.
17
14 + 0 + 13 + -1 + -6 - 7
13
Calculate -3 + 10 + 0 + 37 + 8 + -18.
34
What is the value of 9 - (-5 - 2 - (16 + 3 - 22))?
13
What is 0 + (-14 - -5 - -6) + 7 + -9?
-5
Evaluate (1451 - 1463) + (6 + 1 - -2).
-3
What is the value of 1 + 13 + (-174 - -166)?
6
Evaluate 1 + (1 - -8) - (-91 + 96 + -8).
13
What is (10 - (14 + -3)) + (0 + -4 - -3)?
-2
Evaluate -3 + (-1 - 5) + 6 + (-1 - 2).
-6
Evaluate -2 + -8 + 19 + -2.
7
Calculate (-22 - -29) + (-8 - 2) - (2 + 4).
-9
Calculate 72 + -63 + (-1 - 23).
-15
Calculate 3 + 5 + (7 - 29).
-14
-31 - -39 - (-7 + 18)
-3
2 + -4 + (17 - 4) + 6
17
What is (-1 - 3) + 8 - (0 - (13 - 6))?
11
Calculate (-1 + 15 - (31 - 22)) + -10.
-5
Calculate -13 + (9 - -5) + -5 + (-36 - -17).
-23
What is (-1 - 2) + (-53 - -56)?
0
Evaluate (4 + 1 - (1 - -15)) + -2 + 4.
-9
Evaluate 17 - (19 + (-8 - 28)).
34
Evaluate 17 - (17 - (-14 + 25)).
11
Calculate 96 + -101 - (2 + (0 - 7)).
0
What is the value of -2 - ((1 - 1 - 5) + -44) - 12?
35
What is (-20 - -29) + -3 + 4?
10
Evaluate -15 + (5 - 7) + 2.
-15
What is -4 + (12 - 6) - (-3 + 12)?
-7
What is the value of 9 - (29 + (8 - 13) - 3)?
-12
What is the value of 21 - (-5 + 3) - (46 + -37)?
14
What is (3 - -68) + -73 - (1 + -6)?
3
What is the value of 3 + -7 - (6 - 6 - 7)?
3
What is the value of (61 + -9 - 60) + 0 + -1 + 1?
-8
What is 25 - (-17 - (-16 - -9)) - 8?
27
(9 - 4) + 11 + 1
17
What is -16 + 15 - ((0 - -1) + (-42 - -25))?
15
What is the value of 0 + -2 - (-7 + 9 - -1 - 5)?
0
What is the value of 15 + -11 + -16 - (2 + 2)?
-16
Calculate -7 + 0 + -1 - (133 + -126).
-15
Calculate -7 + 9 + -7 + 9 + 5.
9
6 - (-1 + -11 - -7 - 2)
13
Calculate -3 + -2 - (-99 - -96).
-2
Calculate (10 - 0) + -22 - -25.
13
Calculate -7 + 1 + 9 + -12.
-9
Calculate 1 - (3 + 5) - (-89 - -92) - -8.
-2
What is the value of 8 + -3 - ((32 - 5) + -12) - 1?
-11
Evaluate -186 + 185 - (4 - (-2 + 3 - -1)).
-3
What is the value of 0 + 26 + 712 + -723?
15
Evaluate 163 + -179 + -1 + 0.
-17
What is -37 - (-36 + 59 + -30)?
-30
Calculate 5 + (24 - 34) - -13.
8
17 - 18 - (-6 - -21)
-16
Evaluate -3 - 2 - (42 - 51).
4
Evaluate (2 - (4 + 0)) + (2 - 0) + 7.
7
What is the value of 17 + -4 + 3 + 1?
17
What is -14 - (24 - (8 - -26))?
-4
What is the value of 12 - (-9 + 6 - (0 - -7))?
22
What is 12 + 0 + (5 - (11 - -10 - 10))?
6
What is (-3 - 1) + -218 + 244?
22
Calculate (-5 + 2 - -14) + (-2 - (-6 + 0)).
15
What is the value of 8 - (-10 - (-8 - (1 - 12)))?
21
What is 7 - (-7 + -5 + 11)?
8
What is 13 + (7 - (-11 + 45 - 0))?
-14
Evaluate 3 + 0 + -1 + (-7 - -24 - 17).
2
13 + (-4 - -5 - 1) + 42 + -49
6
What is -3 + -3 + (-2 - -5) - -9?
6
(-32 + 3 - -17) + 13 + 6 + 0
7
Calculate 8 - (-25 - 0 - -16).
17
What is the value of 44 - (59 + -22 - 18)?
25
Calculate 2 + 2 + (1 - 7).
-2
Evaluate 1 + -23 + -123 + 133.
-12
17 - (-1 + (-9 - -18))
9
Evaluate -33 + 17 + (0 - -22).
6
Calculate -13 - (1 + 4) - (10 + -12 - 6).
-10
Evaluate 26 + 0 + (13 - 11) + -7.
21
Calculate -20 - (4 - 19) - (0 - 10).
5
Evaluate (-2 - 5) + 24 + (-44 - -16).
-11
-118 + 142 - (2 - -9) - 21
-8
Evaluate -6 + 2 + -18 + -16 + 1.
-37
(1 - 12) + (-89 - -111) - (1 - 2)
12
Calculate -30 - (-12 - 1) - -7.
-10
Calculate -20 - (-22 - (14 + -9)).
7
Evaluate (-11 - (46 + -41)) + (35 - 0).
19
-10 - ((0 - 14) + 85 + -77)
-4
Calculate 5 + -36 + (47 - -11).
27
-32 + 12 - ((10 - 6) + -11 + 3)
-16
What is (35 - 2) + 7 - 64?
-24
Calculate -3 + -5 + (8 - 24) + 10.
-14
Evaluate (14 + 0 + -6 - 9) + 2 + -18.
-17
-2 + 41 - (970 + -955)
24
Evaluate -14 + (2 - (-7 + 8)) + 1.
-12
Evaluate -70 + 62 + (4 - (-15 - (1 - 4))).
8
Calculate (1 - -33) + (-16 - (-18 + 28 + -21)).
29
What is the value of 6 - (-5 - (2 - 7 - (14 - 0)))?
-8
Calculate -73 + 72 + -1 + 24 + -10.
12
2 - (-14 + 9) - (-3 + 2 - 2)
10
What is -17 - (2 - (18 - -5)) - (-14 - -3)?
15
Evaluate 0 - -27 - (-20 + 32).
15
What is 11 + -29 - -22 - 0?
4
What is 8 + -42 + 4 + 14?
-16
What is (-10 - 11) + 34 + -13?
0
What is the value of (14 - (6 - 2)) + 3 + -22 + 9?
0
-8 + 30 + -11 + -6 + 13
18
What is the value of -16 - -19 - 11 - -14?
6
Evaluate -53 + -14 + 57 - 5.
-15
Calculate -11 + -30 + 30 - (3 + 1).
-15
What is the value of (8 + -1 - 0) + (-10 - -13) + -2?
8
Calculate (-2 - (11 + -7)) + 1.
-5
-9 + (-21 - 0) + 112 + -103
-21
What is the value of -18 - (-3 + 14 + -14 + 18)?
-33
Calculate (-25 - -24) + (-1 + (4 - 3) - 3).
-4
5 + -4 + -23 + 14
-8
What is the value of 19 + -19 + (1 - -6) + 3?
10
12 + -9 - (60 + -62)
5
What is the value of (-9 - (42 - 44)) + (6 - 0)?
-1
What is the value of -15 + (20 - -41) + -35?
11
(-8 + 12 - 16 - 2) + 26
12
(-11 - 0 - (-168 + 158)) + -9
-10
What is the value of -12 + (4 - -4 - (-2 - (2 - 8)))?
-8
Calculate 11 + (19 - 39 - -4).
-5
(-6 - -14) + -4 - (1 + -5 - -8)
0
Calculate -64 - -32 - -33 - 14.
-13
What is (2 - 16) + 32 + -23?
-5
What is -5 - -2 - (-25 + 25 + 19)?
-22
Evaluate 5 - (-3 + 13) - (23 - 14).
-14
Calculate 6 + (0 - (-1 - 1)) - (-26 + 32).
2
Calculate 8 + (56 + -56 - (0 - -2)).
6
Calculate (-26 - (-6 + 18 + -5 - 9)) + 10.
-14
-2 + (-2 - -10) + (-1 - 5)
0
Evaluate 26 - (41 - 16 - -7).
-6
What is (1 + 4 - -1) + (-111 - -111)?
6
What is the value of -3 + (1 - 5) + (26 - -5)?
24
Calculate 2 + 33 + -3 + 355 + -360.
27
What is the value of 1 - 1 - (8 - (-5 - -14))?
1
What is 5 + 0 + (-2 + 7 - -2 - -3)?
15
Calculate -5 + (-7 - -5) - -2 - -2.
-3
Evaluate -51 - -46 - ((-4 - -9) + -3).
-7
Evaluate 25 + (23 - 71 - -29).
6
Evaluate 16 + 1 - (-21 + 18 + -6).
26
What is the value of -31 + (-33 + 19 + 16 - (2 + -1))?
-30
6 - (12 - (-3 + 11 + -13))
-11
Evaluate (11 - 1) + 68 + -78 + -38.
-38
What is the value of -3 + 2 + 2 + 5 - (82 + -85)?
9
What is 22 - (20 - (-5 - 2))?
-5
Evaluate 8 - 19 - (-7 + 15).
-19
(-5 - 24) + -2 + 18
-13
What is 0 + (13 + -5 - 45 - (0 + -10))?
-27
Calculate 17 + (-2 - 27) + 8.
-4
Evaluate 11 - (4 + 27) - -3.
-17
What is (0 - (2 + -1)) + (-25 - (-56 + 13))?
17
What is the value of 1 - (-7 + 4 - 1) - -2 - -1?
8
Calculate -8 + 12 + (-4 - 7).
-7
Evaluate (7 + -8 - 6) + (-11 - -4 - -2).
-12
Calculate 6 + -12 - (-9 + -3 + (-2 - 0)).
8
Evaluate -7 + -32 + 56 + -25.
-8
What is the value of 11 - (7 + 17) - -15?
2
What is -112 + 111 + (1 - (3 + -1) - 0)?
-2
Calculate -1 + (-6 - (9 + 8 + -9 + -30)).
15
What is 4 + 3 + 3 - (11 + -9)?
8
Evaluate -12 - -16 - (24 - (-10 - (8 - 17))).
-21
What is 15 + 0 - 20 - (-9 - -1)?
3
24 - 8 - (0 - (7 - 9))
14
24 + 7 + -7 + -15
9
Evaluate 18 + (2 - -12 - 15).
17
3 + 2 + 0 - (20 - (8 - -11))
4
(-5 - (1 + 1) - 1) + 35 + -13
14
What is the value of (34 - 17 - -5) + -47?
-25
What is -5 - ((5 - -19) + -14)?
-15
Calculate 4 - (-46 - (-50 - -23)).
23
Evaluate 5 + (-7 - (2 + -3) - -8 - -3).
10
What is the value of 5 - -10 - (-68 + 101)?
-18
What is the value of -6 + (12 - 19 - (-28 - -2))?
13
Evaluate 6 + (-1 - -1) - (299 + -260) - -11.
-22
Calculate -20 + 7 - (4 + (2 - 6)).
-13
16 + 14 + 20 + -37
13
5 - (8 + -4 + (2 - -5))
-6
What is 13 - (17 + (-1 - -6)) - -15?
6
54 - (-31 + 49) - 23
13
Calculate -22 + -32 - -38 - -15.
-1
Calculate -2 + (3 + 0 + -2 - 6).
-7
What is the value of -26 + (6 - (12 - 2) - -16)?
-14
Evaluate -4 + -17 + -3 + 41.
17
What is the value of 22 + (-4 - (3 + 0 - (-9 - -13)))?
19
What is the value of -2 + 3 + -11 + 2 - (9661 - 9643)?
-26
What is -10 + (7 + 0 - ((10 - 17) + 14))?
-10
What is the value of -7 + 3 + 1 + 13?
10
What is -4 + 28 + 4 - 38?
-10
Calculate -5 + 26 + -7 + 3 + -4.
13
What is 10 - (2 + -28 + 34 + (34 - -3))?
-35
-2 - -13 - (0 - 1) - (-3339 - -3339)
12
(11 - (-9 + 17)) + 7 + -2
8
What is -5 + -8 + 12 - -12?
11
Calculate (-10 - (-29 - (8 + -16))) + -12.
-1
(4 - 8) + (-3 - (-1 - 0 - 23))
17
(20 - 4 - 8) + 8
16
What is -146 - -147 - (4 - 3 - 5 - 7)?
12
Evaluate 10 - (-3 + -3 + 0 - -2) - 2.
12
Calculate 21 + -18 + (-6 - 0).
-3
Calculate (-75 - -35 - -17) + 38.
15
-19 - 1 - (23 - 34)
-9
Calculate 30 + -36 - (-12 + 4).
2
What is the value of 3